. Is s composite?
False
Suppose -o + 3*o = 10, -5*f - 3*o + 30 = 0. Let q = f + 8. Suppose 0 = -7*z + q*z - 1460. Is z a prime number?
False
Suppose -2*y = -5*y - 3, 1515 = q - 2*y. Is q composite?
True
Let r(f) = 9*f**2 - 3*f + 3. Suppose -5 = -0*g + g - 2*c, 4*c - 4 = 4*g. Let x be r(g). Suppose -3*j + 8*j = x. Is j a prime number?
False
Let d = -2 + -1. Is -443*(-1)/d*-3 a composite number?
False
Let x = -3 + -5. Is (89/2)/(x/(-16)) prime?
True
Let j(z) be the first derivative of 9*z**2/2 - 21*z + 7. Is j(8) a composite number?
True
Let t be (-1 + 3 + -1)*0. Suppose t = 3*x - 2*q - 4616 + 1643, 4*x - 3964 = -4*q. Is x composite?
False
Let t(h) = -h - 5. Let m be t(-8). Suppose 4*i = -f + 490, -m*f = -2*i + 2*f + 256. Is i a composite number?
True
Suppose -s + 5*r + 192 = -64, 548 = 2*s + 2*r. Suppose 2*d = 367 + s. Is -1 + d + 1 + 0 a prime number?
False
Suppose -4*n + 3*i = -24496, 6*i - 12242 = -2*n + 9*i. Is n composite?
True
Let r = 1277 - 739. Let v = r + 511. Is v prime?
True
Let v(p) = p**3 + 4*p**2 + 2*p - 4. Let z be v(-2). Suppose z = -9*b - 118 + 811. Is b composite?
True
Let v = 24564 - 16949. Is v a composite number?
True
Suppose -4*y + d = -232, -2*y + 2*d = 7*d - 138. Let l = y - -894. Is l a prime number?
True
Let n(y) = 423*y**2 - 161*y - 11. Is n(-6) a composite number?
False
Let h = -1419 + -411. Is 1 - 0 - h/3 a composite number?
True
Let a(i) = -13538*i - 509. Is a(-6) a prime number?
False
Let u(c) = 41*c - 10. Let x be u(-16). Let p = x + 1351. Is p composite?
True
Let z = -11 - -8. Let k be z/15 + (-4938)/10. Let m = -75 - k. Is m composite?
False
Suppose -5*u = -c + 27, u = -4*c - 0*c + 3. Suppose -c*d = 2*d + 1308. Let v = 86 - d. Is v composite?
True
Suppose -5*y = -0*y. Is y/1 - (-294 - -5) a composite number?
True
Is 66157/39*(-2 - -5) a composite number?
True
Suppose 12961 = a - 3*x + 4619, x = -a + 8330. Is a prime?
False
Suppose -11*k + 16 = -6. Suppose 2*b - k*d + 7572 = 4*b, -4*b - d = -15159. Is b prime?
False
Suppose 0 = -2*d - 2*a - a + 36, 3*d = 3*a + 54. Let c be 1848/d + (-2)/3. Is (c/(-8))/(6/(-16)) a composite number?
True
Let z(j) be the second derivative of 5*j**3/2 - 17*j**2/2 - 18*j. Is z(5) composite?
True
Let y(o) = 4*o**3 - 5*o**2 + 14*o - 5. Let k be y(7). Suppose 4*p = 1304 + k. Is p composite?
False
Is 12*(-7)/56*(-2174)/3 composite?
False
Let l = -167 + 265. Let n = l - 1. Is n a prime number?
True
Suppose 5*t + 5*r - 35 = -0, -2*t - 3*r = -16. Suppose -5*n + 3*c = 8*c - 560, -t*c = 5. Let i = 300 - n. Is i a composite number?
True
Let l = -17739 - -35522. Is l composite?
False
Suppose -27*d = -22*d + 240. Let s(p) = -p**3 + 4*p**2 - 2*p - 4. Let k be s(3). Is (-5)/(k + d/(-52)) prime?
False
Let y be -4*2/8*-2. Let j be (2 - 4/4)*y. Suppose -3*g + 90 = 3*d, 3*d - 47 = j*g + 58. Is d a prime number?
False
Let v = -3 + 5. Suppose -v*j + 2*f = -7983 - 1447, -1 = f. Suppose k = 3*k - j. Is k a prime number?
True
Is (-8 - 150/40)*-956 a prime number?
False
Let z be -5*(-10)/75 - 11912/(-6). Let g = z + -997. Is g a prime number?
False
Suppose 4*n = -5*q - 1605 + 8002, -3*q + 3846 = 5*n. Let w = 2320 - q. Is w prime?
False
Suppose -z + 4*z - 12 = 0. Suppose 7401 = 5*u - z*g, g - 1 = -5. Is u a prime number?
False
Let h(g) = -845*g - 126. Is h(-13) composite?
False
Suppose -5*a - 5*l = -0*a + 120, -5*l + 24 = -a. Let u be ((-1360)/(-24))/((-2)/a). Let t = -261 + u. Is t prime?
True
Suppose 10 - 4 = 3*t. Suppose 4*u - u = 5*f + 1746, t*u - 3*f - 1165 = 0. Is u a composite number?
False
Suppose -2*m - 11 = -2*c + 23, 3*m - 21 = -c. Suppose -38 = -5*y - c. Suppose i - 2*i + 2251 = 3*r, 0 = -y*r - 4*i + 2996. Is r a composite number?
False
Suppose 18*a - 16*a = 10938. Is a a composite number?
True
Let p be ((-15)/9)/(1/(-168)). Suppose 3*n - p = -4*a, 0 = 4*n - 14 - 2. Is a a prime number?
True
Suppose 0 = -5*g - 5*p + 4195, 2*g = p + 750 + 943. Let b be 1/(-1) + 4 + -1. Suppose 2*i - g = -b*i. Is i a composite number?
False
Let j(w) = -w**2 - 5*w - 2. Let v be j(-3). Let m be (-286)/v*(-6)/3. Suppose 4*n - 669 = m. Is n a prime number?
False
Let o(w) = -2*w**3 + 7*w**2 - w - 4. Let j be o(3). Suppose j*a + 0*a - 164 = 0. Is a prime?
False
Suppose -5*y + 2*z + 3*z = 30, 0 = 5*z - 20. Is (-2 - (-624 + -5)) + (-8)/y composite?
False
Let t = 18 + -13. Suppose 5*m - 1340 = 5*q, 2*m - 542 = t*q - 0*q. Let o = m - 187. Is o prime?
True
Suppose 0 = -8*c + 4*c + 64. Is 1*517 - (c + -18) prime?
False
Suppose 10656 - 2746 = 7*v. Let c = v + -576. Is c composite?
True
Suppose -o + 5*w + 55404 = 0, 17*w - 13*w + 110838 = 2*o. Is o prime?
False
Suppose -5*o = z - 5742 + 73, -o - 4*z = -1149. Is o a prime number?
False
Let v = -105 - -111. Is 7762/v - 24/(-72) a prime number?
False
Suppose 3*s = 2*h + 7*s - 54, -h + 31 = 3*s. Let g(x) = 11*x**2 + 4 + h*x - x - x**3 - 5*x + 2*x**3. Is g(-9) a prime number?
False
Let p be 2/(-1) + ((-2896)/2)/(-4). Suppose p + 3355 = 5*l. Is l a composite number?
False
Let h(u) = -12526*u - 7. Is h(-2) prime?
False
Suppose -18*x + 16422 = 24*x. Is x a prime number?
False
Suppose 7*w + w - 1392 = 0. Suppose a + w = z + 651, -5*z + 1926 = 4*a. Is a prime?
True
Is ((-2)/(-10))/((-2)/(-4190)) composite?
False
Let a(o) = -182*o + 51. Is a(-9) a prime number?
False
Suppose y + 21 = -5*r, 3*y + r - 8 = -29. Let v(h) = -22*h + 11. Is v(y) prime?
False
Let z = 28 - 23. Suppose 3*v = z*f - 2386, -553 + 77 = -f + v. Is f a composite number?
False
Suppose 3*s = 5*s + 2. Let b be (3*s)/(15/(-350)). Let y = b + 91. Is y a composite number?
True
Let k(i) = -140*i + 7 - 21 + 33*i. Is k(-3) a composite number?
False
Let s(n) = 11*n - 122. Let v be s(23). Suppose 3*p = 3*c, 5*p + 4 = -5*c + 34. Suppose 2*b = p + v. Is b a prime number?
True
Let c be 1 + 7/((-14)/(-968)). Let j = 1338 - c. Is j prime?
True
Let g(q) = 3*q + 2*q**3 + 4*q**2 - 2*q + 4*q - 3. Let t = -223 - -227. Is g(t) composite?
True
Suppose 0 = -55*k + 56*k - 6017. Is k composite?
True
Let h be (2*-25)/((-3)/42) - 1. Let d = h - 302. Is d a composite number?
False
Let q be (2 + -4117)*-4*(-5)/(-10). Let x = q + -5753. Is x a prime number?
True
Let g(p) be the third derivative of 0 - 19/12*p**4 + 1/2*p**3 + 0*p - 6*p**2. Is g(-2) a composite number?
False
Let t = -8235 - -19238. Is t composite?
False
Suppose -s - 53634 = -5*d, 47*d - 42*d = -3*s + 53638. Is d composite?
True
Suppose m = 4*z - 58 - 29, -5*z - 148 = 2*m. Let y be (m/(-2))/((-3)/6). Let k = 158 + y. Is k composite?
False
Let n(s) = -s + 6. Let c be n(-6). Suppose -12644 - 7618 = -11*b. Is (b/c)/((-3)/(-6)) prime?
True
Suppose -3*q + 1944 = 2*w, 3*q - 3*w - 1944 = -4*w. Let s = q + -355. Is s a composite number?
False
Let a = -15 + 12. Let d be (17/a)/((-5)/(-195)). Let w = 398 + d. Is w a composite number?
True
Let q be 18 - (0 + (-3 - -3)). Suppose -q*a = -19*a + 469. Is a a prime number?
False
Suppose -2*q - 5 - 5 = 0, -3*p + 4*q = -59. Suppose -17*n + 356 = -p*n. Is n a prime number?
True
Suppose 3 = 2*h + h. Suppose -b = -2 - h. Suppose 5*y - 586 = b*y. Is y a prime number?
True
Suppose 10*r = 9*r + 30. Let c = r - -12. Is (44/6)/(4/c) a prime number?
False
Suppose -d - 102 + 1627 = 0. Suppose -5*x + d = -0*x. Is x prime?
False
Let d = -30 + 24. Is ((2544/(-9))/(-4))/(d/(-9)) composite?
True
Suppose -11*q - q = -81336. Is q a prime number?
False
Let f(l) = -284*l - 27. Let w be f(-15). Is (-2)/((-6)/w) - 2 a prime number?
True
Is 4477/8*2 - (-24)/(-96) prime?
False
Let r(p) = -19 + 18 + 239*p**2 + 181*p**2. Is r(1) composite?
False
Let z(y) = -2 + 20*y + 7*y + 2*y**2 - 29*y. Let h(q) = -q**2 - 4*q - 5. Let c be h(-4). Is z(c) composite?
True
Suppose 3*h - t = 69929, 12*h = 10*h - 5*t + 46642. Is h composite?
False
Suppose -g + 908 = -3*z + 177, -4*z + 3*g = 983. Let m = 119 + z. Is (-1 - m/9)*3 composite?
True
Suppose 0 = -2*z - 7*z + 2*z. Suppose z*x + 2*x = 658. Is x a prime number?
False
Suppose 2*t = 3*t - q - 6, -10 = -3*t - q. Suppose 3*a = 4*a - t. Is a a prime number?
False
Suppose -234535 = -25*z + 18*z. Is z prime?
False
Suppose -1959 - 9177 = -2*w. Suppose -4*r = 3*d - 11121, 2*r + 6*d - w = 2*d. Suppose -z - r = -2*x, 4*x - z - 3054 - 2506 = 0. Is x a prime number?
False
Let v(z) be the second derivative of 7*z**4/6 + z**3/3 + 3*z**2/2 - z. Let h(n) 